{"id":68,"date":"2025-06-27T10:38:25","date_gmt":"2025-06-27T08:38:25","guid":{"rendered":"https:\/\/www.pg-homestaging.com\/?page_id=68"},"modified":"2026-01-08T22:31:07","modified_gmt":"2026-01-08T21:31:07","slug":"contact","status":"publish","type":"page","link":"https:\/\/www.pg-homestaging.com\/index.php\/contact\/","title":{"rendered":"Contact"},"content":{"rendered":"<div id='full_slider_1'  class='avia-fullwidth-slider main_color avia-shadow   avia-builder-el-0  el_before_av_one_third  avia-builder-el-first   container_wrap fullsize'  ><div  class='avia-slideshow av-mielumhg-c898abf39db554958495cf7c6318351c avia-slideshow-featured av_slideshow_full avia-slide-slider av-slideshow-ui av-control-default av-slideshow-manual av-loop-once av-loop-manual-endless av-default-height-applied   avia-slideshow-1' data-slideshow-options=\"{&quot;animation&quot;:&quot;slide&quot;,&quot;autoplay&quot;:false,&quot;loop_autoplay&quot;:&quot;once&quot;,&quot;interval&quot;:5,&quot;loop_manual&quot;:&quot;manual-endless&quot;,&quot;autoplay_stopper&quot;:false,&quot;noNavigation&quot;:false,&quot;bg_slider&quot;:false,&quot;keep_padding&quot;:false,&quot;hoverpause&quot;:false,&quot;show_slide_delay&quot;:0}\"  itemprop=\"image\" itemscope=\"itemscope\" itemtype=\"https:\/\/schema.org\/ImageObject\" ><ul class='avia-slideshow-inner ' style='padding-bottom: 28.666666666667%;'><li  class='avia-slideshow-slide av-mielumhg-c898abf39db554958495cf7c6318351c__0  av-single-slide slide-1 slide-odd'><div data-rel='slideshow-1' class='avia-slide-wrap '   ><div class='av-slideshow-caption av-mielumhg-c898abf39db554958495cf7c6318351c__0 caption_fullwidth caption_center'><div class=\"container caption_container\"><div class=\"slideshow_caption\"><div class=\"slideshow_inner_caption\"><div class=\"slideshow_align_caption\"><h2 class='avia-caption-title '  itemprop=\"name\" >Un projet \u00e0 r\u00e9aliser ?<\/h2><br\/><a href='https:\/\/www.pg-homestaging.com\/index.php\/services-2\/'  class='avia-slideshow-button avia-button avia-color-theme-color avia-multi-slideshow-button' data-duration='800' data-easing='easeInOutQuad'>D\u00e9couvrez nos services <\/a><a href='https:\/\/www.pg-homestaging.com\/index.php\/realisations\/'  class='avia-slideshow-button avia-button avia-color-theme-color-highlight avia-multi-slideshow-button avia-slideshow-button-2' data-duration='800' data-easing='easeInOutQuad'>R\u00e9alisations<\/a><\/div><\/div><\/div><\/div><\/div><img decoding=\"async\" fetchpriority=\"high\" class=\"wp-image-90 avia-img-lazy-loading-not-90\"  src=\"https:\/\/www.pg-homestaging.com\/wp-content\/uploads\/2025\/07\/Home-staging-expert-Appartement-Edifim-16-1500x430.jpg\" width=\"1500\" height=\"430\" title='Home staging expert-Appartement Edifim-16' alt=''  itemprop=\"thumbnailUrl\"   \/><\/div><\/li><\/ul><\/div><\/div><div id='after_full_slider_1'  class='main_color av_default_container_wrap container_wrap fullsize'  ><div class='container av-section-cont-open' ><div class='template-page content  av-content-full alpha units'><div class='post-entry post-entry-type-page post-entry-68'><div class='entry-content-wrapper clearfix'>\n\n<style type=\"text\/css\" data-created_by=\"avia_inline_auto\" id=\"style-css-av-92m1j-9aa5da0ae4a56145846a0b931f7d06ef\">\n.flex_column.av-92m1j-9aa5da0ae4a56145846a0b931f7d06ef{\nborder-radius:0px 0px 0px 0px;\npadding:20px 0px 0px 0px;\n}\n<\/style>\n<div  class='flex_column av-92m1j-9aa5da0ae4a56145846a0b931f7d06ef av_one_third  avia-builder-el-1  el_after_av_slideshow_full  el_before_av_two_third  avia-builder-el-first  first flex_column_div av-animated-generic bottom-to-top  '     ><p>\n<style type=\"text\/css\" data-created_by=\"avia_inline_auto\" id=\"style-css-av-8qgmb-6382a25f7fe247003c695fd170576f78\">\n#top .av-special-heading.av-8qgmb-6382a25f7fe247003c695fd170576f78{\npadding-bottom:0;\n}\nbody .av-special-heading.av-8qgmb-6382a25f7fe247003c695fd170576f78 .av-special-heading-tag .heading-char{\nfont-size:25px;\n}\n#top #wrap_all .av-special-heading.av-8qgmb-6382a25f7fe247003c695fd170576f78 .av-special-heading-tag{\npadding:0 0 10px 0;\n}\n.av-special-heading.av-8qgmb-6382a25f7fe247003c695fd170576f78 .av-subheading{\nfont-size:15px;\n}\n<\/style>\n<div  class='av-special-heading av-8qgmb-6382a25f7fe247003c695fd170576f78 av-special-heading-h3 blockquote modern-quote  avia-builder-el-2  el_before_av_textblock  avia-builder-el-first '><h3 class='av-special-heading-tag '  itemprop=\"headline\"  >Entrons en contact !<\/h3><div class='av-subheading av-subheading_below'><p>Toujours \u00e0 votre \u00e9coute et en r\u00e9ponse r\u00e9active \u00e0 vos besoins<\/p>\n<\/div><div class=\"special-heading-border\"><div class=\"special-heading-inner-border\"><\/div><\/div><\/div><br \/>\n<section  class='av_textblock_section av-1wbfj-b2f1e2b9f490e4a58f30ace93f36bedb '   itemscope=\"itemscope\" itemtype=\"https:\/\/schema.org\/CreativeWork\" ><div class='avia_textblock'  itemprop=\"text\" ><p><strong>Devis gratuit<\/strong><\/p>\n<p>Remplissez ce formulaire, nous vous contactons sous 24h pour \u00e9changer sur votre projet<\/p>\n<\/div><\/section><br \/>\n\n<style type=\"text\/css\" data-created_by=\"avia_inline_auto\" id=\"style-css-av-miokgrw3-daca300feb685500dd23c5c84065ca2c\">\n#top .hr.av-miokgrw3-daca300feb685500dd23c5c84065ca2c{\nmargin-top:60px;\nmargin-bottom:80px;\n}\n.hr.av-miokgrw3-daca300feb685500dd23c5c84065ca2c .hr-inner{\nwidth:50px;\nborder-color:#efbb20;\nmax-width:45%;\n}\n<\/style>\n<div  class='hr av-miokgrw3-daca300feb685500dd23c5c84065ca2c hr-custom  avia-builder-el-4  el_after_av_textblock  el_before_av_image  hr-center hr-icon-yes'><span class='hr-inner inner-border-av-border-fat'><span class=\"hr-inner-style\"><\/span><\/span><span class='av-seperator-icon avia-svg-icon avia-font-svg_entypo-fontello' data-av_svg_icon='home' data-av_iconset='svg_entypo-fontello'><svg version=\"1.1\" xmlns=\"http:\/\/www.w3.org\/2000\/svg\" width=\"29\" height=\"32\" viewBox=\"0 0 29 32\" preserveAspectRatio=\"xMidYMid meet\" aria-labelledby='av-svg-title-1' aria-describedby='av-svg-desc-1' role=\"graphics-symbol\">\n<title id='av-svg-title-1'>Home<\/title>\n<desc id='av-svg-desc-1'>Home<\/desc>\n<path d=\"M28.416 16.448q0.512 0.512 0.352 0.864t-0.864 0.352h-2.688v9.92q0 0.448-0.032 0.672t-0.256 0.416-0.736 0.192h-6.528v-9.92h-6.528v9.92h-6.208q-0.896 0-1.12-0.32t-0.224-0.96v-9.92h-2.688q-0.704 0-0.864-0.352t0.352-0.864l12.8-12.864q0.512-0.512 1.216-0.512t1.216 0.512z\"><\/path>\n<\/svg><\/span><span class='hr-inner inner-border-av-border-fat'><span class=\"hr-inner-style\"><\/span><\/span><\/div><br \/>\n\n<style type=\"text\/css\" data-created_by=\"avia_inline_auto\" id=\"style-css-av-mielhnv1-a29efd2a2604b1d5336cc9233ac7b876\">\n.avia-image-container.av-mielhnv1-a29efd2a2604b1d5336cc9233ac7b876 img.avia_image{\nbox-shadow:none;\n}\n.avia-image-container.av-mielhnv1-a29efd2a2604b1d5336cc9233ac7b876 .av-image-caption-overlay-center{\ncolor:#ffffff;\n}\n<\/style>\n<div  class='avia-image-container av-mielhnv1-a29efd2a2604b1d5336cc9233ac7b876 av-styling- avia_animated_image av-animated-when-visible-95 pop-up avia-align-center  avia-builder-el-5  el_after_av_hr  avia-builder-el-last '   itemprop=\"image\" itemscope=\"itemscope\" itemtype=\"https:\/\/schema.org\/ImageObject\" ><div class=\"avia-image-container-inner\"><div class=\"avia-image-overlay-wrap\"><img decoding=\"async\" fetchpriority=\"high\" class='wp-image-1002 avia-img-lazy-loading-not-1002 avia_image ' src=\"https:\/\/www.pg-homestaging.com\/wp-content\/uploads\/2025\/11\/logo_seul-1_PG-1-300x143.jpg\" alt='' title='logo_seul 1_PG-1'  height=\"143\" width=\"300\"  itemprop=\"thumbnailUrl\" srcset=\"https:\/\/www.pg-homestaging.com\/wp-content\/uploads\/2025\/11\/logo_seul-1_PG-1-300x143.jpg 300w, https:\/\/www.pg-homestaging.com\/wp-content\/uploads\/2025\/11\/logo_seul-1_PG-1.jpg 655w\" sizes=\"(max-width: 300px) 100vw, 300px\" \/><\/div><\/div><\/div><\/p><\/div>\n\n<style type=\"text\/css\" data-created_by=\"avia_inline_auto\" id=\"style-css-av-3oqvj-630ee11a930d609b31f22a7b07ebd85a\">\n.flex_column.av-3oqvj-630ee11a930d609b31f22a7b07ebd85a{\nborder-radius:0px 0px 0px 0px;\npadding:0px 0px 0px 0px;\n}\n<\/style>\n<div  class='flex_column av-3oqvj-630ee11a930d609b31f22a7b07ebd85a av_two_third  avia-builder-el-6  el_after_av_one_third  el_before_av_one_third  flex_column_div av-animated-generic bottom-to-top av-zero-column-padding  '     ><form action=\"https:\/\/www.pg-homestaging.com\/index.php\/contact\/\" method=\"post\" data-fields-with-error=\"Erreurs trouv\u00e9es dans les champs suivants :\" class=\"avia_ajax_form av-form-labels-visible   avia-builder-el-7  avia-builder-el-no-sibling   \" data-avia-form-id=\"1\" data-avia-redirect=''  aria-label='Formulaire de contact' ><fieldset><p class='  first_form  form_element form_element_half' id='element_avia_1_1'><label for=\"avia_1_1\">Votre nom <abbr class=\"required\" title=\"requis(e)\">*<\/abbr><\/label> <input name=\"avia_1_1\" class=\"text_input is_empty\" type=\"text\" id=\"avia_1_1\" value=\"\" \/><\/p><p class='  form_element form_element_half' id='element_avia_2_1'><label for=\"avia_2_1\">Votre courriel <abbr class=\"required\" title=\"requis(e)\">*<\/abbr><\/label> <input name=\"avia_2_1\" class=\"text_input is_email\" type=\"text\" id=\"avia_2_1\" value=\"\" \/><\/p><p class='  first_form  form_element form_element_half' id='element_avia_3_1'><label for=\"avia_3_1\">Entreprise \/ Fonction<\/label> <input name=\"avia_3_1\" class=\"text_input \" type=\"text\" id=\"avia_3_1\" value=\"\" \/><\/p><p class='  form_element form_element_half' id='element_avia_4_1'><label for=\"avia_4_1\">Votre t\u00e9l\u00e9phone<\/label> <input name=\"avia_4_1\" class=\"text_input \" type=\"text\" id=\"avia_4_1\" value=\"\" \/><\/p><p class='  first_form  form_element form_fullwidth' id='element_avia_5_1'><label for=\"avia_5_1\">Sujet <abbr class=\"required\" title=\"requis(e)\">*<\/abbr><\/label><select  name=\"avia_5_1\" class=\"select is_empty\" id=\"avia_5_1\"><option   value='Audit et conseil'>Audit et conseil<\/option><option   value='Home Staging complet'>Home Staging complet<\/option><option   value='Location de mobilier'>Location de mobilier<\/option><option   value='Appartement t\u00e9moin'>Appartement t\u00e9moin<\/option><option   value='Photos professionnelles'>Photos professionnelles<\/option><\/select><\/p><p class='  first_form  form_element form_element_three_fourth' id='element_avia_6_1'><label for=\"avia_6_1\" class=\"textare_label hidden textare_label_avia_6_1\">Votre message <abbr class=\"required\" title=\"requis(e)\">*<\/abbr><\/label><textarea  name=\"avia_6_1\" class=\"text_area is_empty\" cols=\"40\" rows=\"7\" id=\"avia_6_1\" ><\/textarea><\/p><p class=\"hidden\"><input type=\"text\" name=\"avia_7_1\" class=\"hidden \" id=\"avia_7_1\" value=\"\" \/><\/p><p class=' form_element_fourth  form_element form_fullwidth' id='element_avia_8_1'><span class='value_verifier_label'>5 + 1 = ?<\/span><input name=\"avia_8_1_verifier\" type=\"hidden\" id=\"avia_8_1_verifier\" value=\"623658273\"\/><label for=\"avia_8_1\">Merci de prouver que vous \u00eates un humain en donnant le r\u00e9sultat de cette op\u00e9ration <abbr class=\"required\" title=\"requis(e)\">*<\/abbr><\/label><input name=\"avia_8_1\" class=\"text_input captcha\" type=\"text\" id=\"avia_8_1\" value=\"\"\/><\/p><p class=\"form_element \"><input type=\"hidden\" value=\"1\" name=\"avia_generated_form1\" \/><input type=\"submit\" value=\"Envoyer\" class=\"button\"  data-sending-label=\"Envoi\"\/><\/p><\/fieldset><\/form><div id=\"ajaxresponse_1\" class=\"ajaxresponse ajaxresponse_1 hidden\"><\/div><\/div>\n<div class='flex_column_table av-2acek-07bb58dfe462d755b0e55f7b664cfbef sc-av_one_third av-equal-height-column-flextable'>\n<style type=\"text\/css\" data-created_by=\"avia_inline_auto\" id=\"style-css-av-2acek-07bb58dfe462d755b0e55f7b664cfbef\">\n@keyframes av_boxShadowEffect_av-2acek-07bb58dfe462d755b0e55f7b664cfbef-row {\n0%   { box-shadow:  0 0 0 0 ; opacity: 1; }\n100% { box-shadow:  0 0 10px 0 ; opacity: 1; }\n}\n.flex_column.av-2acek-07bb58dfe462d755b0e55f7b664cfbef{\nborder-radius:0px 0px 0px 0px;\npadding:0px 0px 20px 0px;\n}\n<\/style>\n<div  class='flex_column av-2acek-07bb58dfe462d755b0e55f7b664cfbef av_one_third  avia-builder-el-8  el_after_av_two_third  el_before_av_one_third  first flex_column_table_cell av-equal-height-column av-align-top av-animated-generic bottom-to-top  column-top-margin'     ><p>\n<style type=\"text\/css\" data-created_by=\"avia_inline_auto\" id=\"style-css-av-miokjiyr-cb91d6b56f970d948ac92ccc7d701609\">\n.hr.av-miokjiyr-cb91d6b56f970d948ac92ccc7d701609 .hr-inner{\nwidth:50px;\nborder-color:#efbb20;\nmax-width:45%;\n}\n<\/style>\n<div  class='hr av-miokjiyr-cb91d6b56f970d948ac92ccc7d701609 hr-custom  avia-builder-el-9  el_before_av_textblock  avia-builder-el-first  hr-center hr-icon-yes'><span class='hr-inner inner-border-av-border-fat'><span class=\"hr-inner-style\"><\/span><\/span><span class='av-seperator-icon avia-svg-icon avia-font-svg_entypo-fontello' data-av_svg_icon='location' data-av_iconset='svg_entypo-fontello'><svg version=\"1.1\" xmlns=\"http:\/\/www.w3.org\/2000\/svg\" width=\"16\" height=\"32\" viewBox=\"0 0 16 32\" preserveAspectRatio=\"xMidYMid meet\" aria-labelledby='av-svg-title-2' aria-describedby='av-svg-desc-2' role=\"graphics-symbol\">\n<title id='av-svg-title-2'>Location<\/title>\n<desc id='av-svg-desc-2'>Location<\/desc>\n<path d=\"M8 3.2q3.328 0 5.664 2.336t2.336 5.664q0 3.392-1.984 7.776t-4.032 7.136l-1.984 2.688q-0.32-0.384-0.864-1.12t-1.92-2.848-2.432-4.16-1.92-4.704-0.864-4.768q0-3.328 2.336-5.664t5.664-2.336zM8 15.616q1.792 0 3.072-1.28t1.28-3.072-1.28-3.040-3.072-1.248-3.040 1.248-1.248 3.040 1.248 3.072 3.040 1.28z\"><\/path>\n<\/svg><\/span><span class='hr-inner inner-border-av-border-fat'><span class=\"hr-inner-style\"><\/span><\/span><\/div><br \/>\n\n<style type=\"text\/css\" data-created_by=\"avia_inline_auto\" id=\"style-css-av-xdhf-4d9a97221212f6fba08c7c972ae6a7b7\">\n#top .av_textblock_section.av-xdhf-4d9a97221212f6fba08c7c972ae6a7b7 .avia_textblock{\ntext-align:center;\n}\n<\/style>\n<section  class='av_textblock_section av-xdhf-4d9a97221212f6fba08c7c972ae6a7b7 '   itemscope=\"itemscope\" itemtype=\"https:\/\/schema.org\/CreativeWork\" ><div class='avia_textblock'  itemprop=\"text\" ><p><strong>Adresse<\/strong><br \/>\n256, rue des Terrasses Saint Martin<br \/>\n01700 Miribel<\/p>\n<\/div><\/section><\/p><\/div>\n<div class='av-flex-placeholder'><\/div>\n<style type=\"text\/css\" data-created_by=\"avia_inline_auto\" id=\"style-css-av-195d0-b8c3dfe198b828897289abc655a588ae\">\n.flex_column.av-195d0-b8c3dfe198b828897289abc655a588ae{\nborder-radius:0px 0px 0px 0px;\npadding:0px 0px 0px 0px;\n}\n<\/style>\n<div  class='flex_column av-195d0-b8c3dfe198b828897289abc655a588ae av_one_third  avia-builder-el-11  el_after_av_one_third  el_before_av_one_third  flex_column_table_cell av-equal-height-column av-align-top av-animated-generic bottom-to-top av-zero-column-padding  column-top-margin'     ><p>\n<style type=\"text\/css\" data-created_by=\"avia_inline_auto\" id=\"style-css-av-miokjq0q-274da8ad7a5db3a2cbe1071e86b2e01c\">\n.hr.av-miokjq0q-274da8ad7a5db3a2cbe1071e86b2e01c .hr-inner{\nwidth:50px;\nborder-color:#efbb20;\nmax-width:45%;\n}\n<\/style>\n<div  class='hr av-miokjq0q-274da8ad7a5db3a2cbe1071e86b2e01c hr-custom  avia-builder-el-12  el_before_av_textblock  avia-builder-el-first  hr-center hr-icon-yes'><span class='hr-inner inner-border-av-border-fat'><span class=\"hr-inner-style\"><\/span><\/span><span class='av-seperator-icon avia-svg-icon avia-font-svg_entypo-fontello' data-av_svg_icon='mail' data-av_iconset='svg_entypo-fontello'><svg version=\"1.1\" xmlns=\"http:\/\/www.w3.org\/2000\/svg\" width=\"29\" height=\"32\" viewBox=\"0 0 29 32\" preserveAspectRatio=\"xMidYMid meet\" aria-labelledby='av-svg-title-3' aria-describedby='av-svg-desc-3' role=\"graphics-symbol\">\n<title id='av-svg-title-3'>Mail<\/title>\n<desc id='av-svg-desc-3'>Mail<\/desc>\n<path d=\"M0.96 8.448q-1.024-0.576-0.896-1.28 0.064-0.448 0.832-0.448h27.072q1.216 0 0.64 1.024-0.256 0.448-0.768 0.704-0.448 0.192-6.144 3.264t-5.824 3.136q-0.512 0.32-1.472 0.32-0.896 0-1.472-0.32-0.128-0.064-5.824-3.136t-6.144-3.264zM28.16 11.648q0.64-0.32 0.64 0.32v11.776q0 0.512-0.544 1.024t-1.056 0.512h-25.6q-0.512 0-1.056-0.512t-0.544-1.024v-11.776q0-0.64 0.64-0.32l12.288 6.4q0.576 0.32 1.472 0.32t1.472-0.32z\"><\/path>\n<\/svg><\/span><span class='hr-inner inner-border-av-border-fat'><span class=\"hr-inner-style\"><\/span><\/span><\/div><br \/>\n\n<style type=\"text\/css\" data-created_by=\"avia_inline_auto\" id=\"style-css-av-mielj7xw-478eb4c1095b93a792e95a800de92478\">\n#top .av_textblock_section.av-mielj7xw-478eb4c1095b93a792e95a800de92478 .avia_textblock{\ntext-align:center;\n}\n<\/style>\n<section  class='av_textblock_section av-mielj7xw-478eb4c1095b93a792e95a800de92478 '   itemscope=\"itemscope\" itemtype=\"https:\/\/schema.org\/CreativeWork\" ><div class='avia_textblock'  itemprop=\"text\" ><p><strong>Email<\/strong><br \/>\npatricia.gagnolet@pg-homestaging.com<\/p>\n<\/div><\/section><\/p><\/div>\n<div class='av-flex-placeholder'><\/div>\n<style type=\"text\/css\" data-created_by=\"avia_inline_auto\" id=\"style-css-av-10of8-caddec968d4c8eebf0fd3a374745ceed\">\n.flex_column.av-10of8-caddec968d4c8eebf0fd3a374745ceed{\nborder-radius:0px 0px 0px 0px;\npadding:0px 0px 0px 0px;\n}\n<\/style>\n<div  class='flex_column av-10of8-caddec968d4c8eebf0fd3a374745ceed av_one_third  avia-builder-el-14  el_after_av_one_third  el_before_av_image  flex_column_table_cell av-equal-height-column av-align-top av-animated-generic bottom-to-top av-zero-column-padding  column-top-margin'     ><p>\n<style type=\"text\/css\" data-created_by=\"avia_inline_auto\" id=\"style-css-av-miokjzvj-29d21569f65e638e441fa305cc123dd2\">\n.hr.av-miokjzvj-29d21569f65e638e441fa305cc123dd2 .hr-inner{\nwidth:50px;\nborder-color:#efbb20;\nmax-width:45%;\n}\n<\/style>\n<div  class='hr av-miokjzvj-29d21569f65e638e441fa305cc123dd2 hr-custom  avia-builder-el-15  el_before_av_textblock  avia-builder-el-first  hr-center hr-icon-yes'><span class='hr-inner inner-border-av-border-fat'><span class=\"hr-inner-style\"><\/span><\/span><span class='av-seperator-icon avia-svg-icon avia-font-svg_entypo-fontello' data-av_svg_icon='phone' data-av_iconset='svg_entypo-fontello'><svg version=\"1.1\" xmlns=\"http:\/\/www.w3.org\/2000\/svg\" width=\"26\" height=\"32\" viewBox=\"0 0 26 32\" preserveAspectRatio=\"xMidYMid meet\" aria-labelledby='av-svg-title-4' aria-describedby='av-svg-desc-4' role=\"graphics-symbol\">\n<title id='av-svg-title-4'>Phone<\/title>\n<desc id='av-svg-desc-4'>Phone<\/desc>\n<path d=\"M14.752 17.92q5.184-5.184 3.776-6.592l-0.256-0.256q-0.96-0.96-1.312-1.536t-0.128-1.728 1.568-2.816q0.64-0.768 1.184-1.248t1.12-0.512 0.96-0.032 0.928 0.416 0.768 0.576 0.832 0.8 0.672 0.704q1.536 1.536-0.192 6.208t-6.528 9.408q-4.8 4.8-9.44 6.56t-6.176 0.224q-0.064-0.064-0.736-0.704t-0.8-0.8-0.576-0.768-0.416-0.992 0.064-0.96 0.48-1.12 1.216-1.184q1.344-1.088 2.24-1.504t1.728-0.064 1.12 0.576 1.248 1.184q1.408 1.408 6.656-3.84z\"><\/path>\n<\/svg><\/span><span class='hr-inner inner-border-av-border-fat'><span class=\"hr-inner-style\"><\/span><\/span><\/div><br \/>\n\n<style type=\"text\/css\" data-created_by=\"avia_inline_auto\" id=\"style-css-av-miokqirl-47eee7bd78969d7aecb63c2014cd0226\">\n#top .av_textblock_section.av-miokqirl-47eee7bd78969d7aecb63c2014cd0226 .avia_textblock{\ntext-align:center;\n}\n<\/style>\n<section  class='av_textblock_section av-miokqirl-47eee7bd78969d7aecb63c2014cd0226 '   itemscope=\"itemscope\" itemtype=\"https:\/\/schema.org\/CreativeWork\" ><div class='avia_textblock'  itemprop=\"text\" ><p><b>T\u00e9l\u00e9phone<\/b><br \/>\n06 70 73 72 52<\/p>\n<\/div><\/section><\/p><\/div><\/div><!--close column table wrapper. Autoclose: 1 -->\n\n<style type=\"text\/css\" data-created_by=\"avia_inline_auto\" id=\"style-css-av-miok7eco-3f708f11ba2718dc8efbfbc5152a2a11\">\n.avia-image-container.av-miok7eco-3f708f11ba2718dc8efbfbc5152a2a11 img.avia_image{\nbox-shadow:none;\n}\n.avia-image-container.av-miok7eco-3f708f11ba2718dc8efbfbc5152a2a11 .av-image-caption-overlay-center{\ncolor:#ffffff;\n}\n<\/style>\n<div  class='avia-image-container av-miok7eco-3f708f11ba2718dc8efbfbc5152a2a11 av-styling- avia_animated_image av-animated-when-visible-95 pop-up avia-align-center  avia-builder-el-17  el_after_av_one_third  avia-builder-el-last '   itemprop=\"image\" itemscope=\"itemscope\" itemtype=\"https:\/\/schema.org\/ImageObject\" ><div class=\"avia-image-container-inner\"><div class=\"avia-image-overlay-wrap\"><img decoding=\"async\" fetchpriority=\"high\" class='wp-image-1863 avia-img-lazy-loading-not-1863 avia_image ' src=\"https:\/\/www.pg-homestaging.com\/wp-content\/uploads\/2026\/01\/pg-bandeau-contact3-1500x630.jpg\" alt='PG-homestaging votre sp\u00e9cialiste du Home staging \u00e0 Lyon et en Rh\u00f4ne-Alpes Am\u00e9nagement home stag\u00e9 de vos biens immobiliers pour une vente rapide et optimale, au service des promoteurs immobiliers, bailleurs sociaux, agents et mandataires et des particuliers' title='pg-bandeau-contact3'  height=\"630\" width=\"1500\"  itemprop=\"thumbnailUrl\"  \/><\/div><\/div><\/div>\n","protected":false},"excerpt":{"rendered":"","protected":false},"author":1,"featured_media":0,"parent":0,"menu_order":6,"comment_status":"closed","ping_status":"closed","template":"","meta":{"footnotes":""},"class_list":["post-68","page","type-page","status-publish","hentry"],"_links":{"self":[{"href":"https:\/\/www.pg-homestaging.com\/index.php\/wp-json\/wp\/v2\/pages\/68","targetHints":{"allow":["GET"]}}],"collection":[{"href":"https:\/\/www.pg-homestaging.com\/index.php\/wp-json\/wp\/v2\/pages"}],"about":[{"href":"https:\/\/www.pg-homestaging.com\/index.php\/wp-json\/wp\/v2\/types\/page"}],"author":[{"embeddable":true,"href":"https:\/\/www.pg-homestaging.com\/index.php\/wp-json\/wp\/v2\/users\/1"}],"replies":[{"embeddable":true,"href":"https:\/\/www.pg-homestaging.com\/index.php\/wp-json\/wp\/v2\/comments?post=68"}],"version-history":[{"count":42,"href":"https:\/\/www.pg-homestaging.com\/index.php\/wp-json\/wp\/v2\/pages\/68\/revisions"}],"predecessor-version":[{"id":1864,"href":"https:\/\/www.pg-homestaging.com\/index.php\/wp-json\/wp\/v2\/pages\/68\/revisions\/1864"}],"wp:attachment":[{"href":"https:\/\/www.pg-homestaging.com\/index.php\/wp-json\/wp\/v2\/media?parent=68"}],"curies":[{"name":"wp","href":"https:\/\/api.w.org\/{rel}","templated":true}]}}